{"id":432,"date":"2019-05-12T23:37:07","date_gmt":"2019-05-12T21:37:07","guid":{"rendered":"https:\/\/cwmp.de\/kks\/?page_id=432"},"modified":"2022-11-21T18:40:45","modified_gmt":"2022-11-21T17:40:45","slug":"schulsozialarbeit","status":"publish","type":"page","link":"https:\/\/cwmp.de\/kks\/unterstuetzung-beratung\/schulsozialarbeit\/","title":{"rendered":"Schulsozialarbeit"},"content":{"rendered":"<p>In unserer Funktion als Sozialp\u00e4dagog*innen sind wir t\u00e4glich als Ansprechpartner*innen f\u00fcr diese Themen f\u00fcr euch da:<\/p>\n<ul>\n<li>Probleme in der Familie<\/li>\n<li>Probleme mit Freunden<\/li>\n<li>pers\u00f6nliche Probleme<\/li>\n<li>Schwierigkeiten mit Beh\u00f6rden<\/li>\n<li>Konflikte mit Sch\u00fcler*innen oder Lehrer*innen<\/li>\n<li>Oder auch einfach nur, um mal in Ruhe zu quatschen<\/li>\n<\/ul>\n<p>Ihr bekommt bei uns keine vorgefertigten L\u00f6sungen oder Rezepte f\u00fcr Erfolg \u2013 <strong><br \/>\nwir suchen mit euch gemeinsam nach einer f\u00fcr euch passenden L\u00f6sung!<\/strong><\/p>\n<p>Wir haben die berufliche Schweigepflicht \u2013 ihr k\u00f6nnt somit sicher sein, dass unsere Gespr\u00e4che auch unter uns bleiben!<\/p>\n<p>Des Weiteren k\u00f6nnt ihr uns f\u00fcr die Teilnahme an AG`s ansprechen oder auch wenn ihr tolle Ideen f\u00fcr die Schule und eure Mitsch\u00fcler*innen habt.<\/p>\n<p>Wir freuen uns auf euch! Schaut mal vorbei!<\/p>\n","protected":false},"excerpt":{"rendered":"<p>In unserer Funktion als Sozialp\u00e4dagog*innen sind wir t\u00e4glich als Ansprechpartner*innen f\u00fcr diese Themen f\u00fcr euch da: Probleme in der Familie Probleme mit Freunden pers\u00f6nliche Probleme Schwierigkeiten mit Beh\u00f6rden Konflikte mit Sch\u00fcler*innen oder Lehrer*innen Oder auch einfach nur, um mal in Ruhe zu quatschen Ihr bekommt bei uns keine vorgefertigten L\u00f6sungen oder Rezepte f\u00fcr Erfolg \u2013 [&hellip;]<\/p>\n","protected":false},"author":7,"featured_media":0,"parent":330,"menu_order":1,"comment_status":"closed","ping_status":"closed","template":"","meta":{"footnotes":""},"categories":[],"tags":[],"class_list":["post-432","page","type-page","status-publish","hentry"],"featured_image_src":null,"publishpress_future_workflow_manual_trigger":{"enabledWorkflows":[]},"_links":{"self":[{"href":"https:\/\/cwmp.de\/kks\/wp-json\/wp\/v2\/pages\/432","targetHints":{"allow":["GET"]}}],"collection":[{"href":"https:\/\/cwmp.de\/kks\/wp-json\/wp\/v2\/pages"}],"about":[{"href":"https:\/\/cwmp.de\/kks\/wp-json\/wp\/v2\/types\/page"}],"author":[{"embeddable":true,"href":"https:\/\/cwmp.de\/kks\/wp-json\/wp\/v2\/users\/7"}],"replies":[{"embeddable":true,"href":"https:\/\/cwmp.de\/kks\/wp-json\/wp\/v2\/comments?post=432"}],"version-history":[{"count":24,"href":"https:\/\/cwmp.de\/kks\/wp-json\/wp\/v2\/pages\/432\/revisions"}],"predecessor-version":[{"id":2546,"href":"https:\/\/cwmp.de\/kks\/wp-json\/wp\/v2\/pages\/432\/revisions\/2546"}],"up":[{"embeddable":true,"href":"https:\/\/cwmp.de\/kks\/wp-json\/wp\/v2\/pages\/330"}],"wp:attachment":[{"href":"https:\/\/cwmp.de\/kks\/wp-json\/wp\/v2\/media?parent=432"}],"wp:term":[{"taxonomy":"category","embeddable":true,"href":"https:\/\/cwmp.de\/kks\/wp-json\/wp\/v2\/categories?post=432"},{"taxonomy":"post_tag","embeddable":true,"href":"https:\/\/cwmp.de\/kks\/wp-json\/wp\/v2\/tags?post=432"}],"curies":[{"name":"wp","href":"https:\/\/api.w.org\/{rel}","templated":true}]}}